 of 59462547?
3, 179, 110731
What are the prime factors of 671192628?
2, 3, 3407, 16417
What are the prime factors of 1742892165?
3, 5, 7, 41, 134951
List the prime factors of 649281816.
2, 3, 17, 571, 929
List the prime factors of 169334440.
2, 5, 11, 384851
What are the prime factors of 4497873383?
5441, 826663
What are the prime factors of 5979609013?
7, 122032837
What are the prime factors of 2753010774?
2, 3, 29, 1757989
List the prime factors of 18837793.
13, 1449061
List the prime factors of 37720902.
2, 3, 41, 153337
List the prime factors of 1064471134.
2, 47, 383, 29567
What are the prime factors of 3029049325?
5, 3547, 34159
List the prime factors of 171296078.
2, 2389, 35851
What are the prime factors of 18966526?
2, 17, 43, 12973
List the prime factors of 8286602.
2, 4143301
List the prime factors of 1429532304.
2, 3, 521, 57163
List the prime factors of 1999005735.
3, 5, 863, 154423
List the prime factors of 305055097.
31, 9840487
List the prime factors of 57438568.
2, 11, 103, 6337
What are the prime factors of 597605641?
17, 179, 196387
List the prime factors of 4553194198.
2, 7, 233, 1395829
What are the prime factors of 1452037687?
691, 2101357
List the prime factors of 482887119.
3, 11, 13, 43, 26177
List the prime factors of 25442711.
7, 74177
List the prime factors of 125895776.
2, 53, 74231
What are the prime factors of 1957799949?
3, 7, 13318367
What are the prime factors of 1672548430?
2, 5, 7, 173, 138113
What are the prime factors of 1087877082?
2, 3, 89, 2037223
List the prime factors of 198676135.
5, 7, 810923
What are the prime factors of 114189253?
1907, 59879
List the prime factors of 191989383.
3, 63996461
What are the prime factors of 447930688?
2, 17, 541, 761
List the prime factors of 369912.
2, 3, 15413
List the prime factors of 1029222060.
2, 3, 5, 761, 22541
What are the prime factors of 863853746?
2, 7, 43, 127, 11299
List the prime factors of 387711775.
5, 11, 17, 239, 347
List the prime factors of 168975653.
7, 11, 199499
List the prime factors of 5146572306.
2, 3, 857762051
List the prime factors of 818140733.
818140733
What are the prime factors of 649743697?
107, 6072371
What are the prime factors of 158282872?
2, 11, 23, 78203
What are the prime factors of 389832256?
2, 11, 157, 3527
List the prime factors of 209378108.
2, 23, 61, 37309
What are the prime factors of 5011374834?
2, 3, 278409713
List the prime factors of 433628043.
3, 103, 1403327
List the prime factors of 16918979.
7, 11, 219727
List the prime factors of 2452531080.
2, 3, 5, 4273, 4783
List the prime factors of 295753041.
3, 4337, 7577
What are the prime factors of 2234782682?
2, 11, 101581031
List the prime factors of 359941259.
107, 3363937
List the prime factors of 33876687.
3, 13, 173, 5021
What are the prime factors of 1729889511?
3, 7, 71, 1160221
List the prime factors of 65577846.
2, 3, 10929641
What are the prime factors of 166876541?
13, 61, 210437
What are the prime factors of 270590246?
2, 193, 701011
What are the prime factors of 253594046?
2, 47, 2697809
List the prime factors of 83336480.
2, 5, 520853
What are the prime factors of 18230993?
11, 53, 31271
List the prime factors of 34829736.
2, 3, 17, 19, 4493
What are the prime factors of 57348930?
2, 3, 5, 47, 89, 457
List the prime factors of 3742442141.
19, 29, 113, 60107
List the prime factors of 31540740.
2, 3, 5, 7, 11, 6827
List the prime factors of 6066510.
2, 3, 5, 19, 29, 367
List the prime factors of 660908.
2, 127, 1301
List the prime factors of 26474229.
3, 491, 1997
List the prime factors of 14056991.
13, 1081307
List the prime factors of 188309488.
2, 11769343
What are the prime factors of 202280634?
2, 3, 41, 274093
List the prime factors of 7760003.
2099, 3697
What are the prime factors of 54256340?
2, 5, 643, 4219
What are the prime factors of 419780081?
7, 59968583
List the prime factors of 6366062494.
2, 11, 289366477
List the prime factors of 39968103.
3, 7, 37, 51439
What are the prime factors of 7469963?
23, 324781
List the prime factors of 4417036928.
2, 41, 841661
List the prime factors of 1885522524.
2, 3, 157126877
List the prime factors of 165620415.
3, 5, 1297, 8513
List the prime factors of 1518935150.
2, 5, 30378703
List the prime factors of 214842508.
2, 797, 67391
List the prime factors of 32715039.
3, 7, 23, 67733
List the prime factors of 28487628.
2, 3, 13, 29, 2099
What are the prime factors of 275149119?
3, 7, 821, 15959
What are the prime factors of 564407696?
2, 35275481
What are the prime factors of 69300245?
5, 7, 17, 116471
List the prime factors of 6318792169.
17, 79, 1249, 3767
What are the prime factors of 1997036198?
2, 998518099
List the prime factors of 154644765.
3, 5, 11, 937241
What are the prime factors of 1253300317?
43, 163, 178813
What are the prime factors of 231113032?
2, 28889129
List the prime factors of 37109244.
2, 3, 1499, 2063
What are the prime factors of 5613159349?
7, 15809, 50723
What are the prime factors of 203225630?
2, 5, 353, 57571
What are the prime factors of 1964068599?
3, 17, 38511149
What are the prime factors of 560468080?
2, 5, 19, 368729
List the prime factors of 4327566811.
719, 6018869
What are the prime factors of 152877464?
2, 17, 47, 23917
List the prime factors of 4930788753.
3, 11, 47, 1059701
List the prime factors of 32893796.
2, 13, 43, 47, 313
List the prime factors of 193732612.
2, 17, 2849009
What are the prime factors of 707160369?
3, 23, 10248701
What are the prime factors of 202452403?
263, 769781
What are the prime factors of 535312258?
2, 13, 23, 895171
List the prime factors of 2358283863.
3, 13, 23, 31, 84809
List the prime factors of 686930590.
2, 5, 43, 1597513
What are the prime factors of 231778358?
2, 7, 73, 226789
List the prime factors of 28459706.
2, 11, 223, 5801
What are the prime factors of 354088664?
2, 113, 391691
What are the prime factors of 111575841?
3, 13, 43, 66533
List the prime factors of 85578982.
2, 1249, 34259
What are the prime factors of 282729346?
2, 17, 47, 176927
What are the prime factors of 28788584?
2, 11, 31, 61, 173
What are the prime factors of 40087179?
3, 11, 131, 281
What are the prime factors of 36929394?
2, 3, 241, 8513
List the prime factors of 1049064763.
29, 61, 179, 3313
What are the prime factors of 2408918055?
3, 5, 89, 1804433
What are the prime factors of 1212964055?
5, 242592811
What are the prime factors of 541500064?
2, 7, 29, 31, 2689
What are the prime factors of 257798391?
3, 103, 834299
What are the prime factors of 194928283?
11, 101, 175453
List the prime factors of 3550733.
3550733
What are the prime factors of 2937710593?
19, 43, 1061, 3389
List the prime factors of 1662285811.
1662285811
What are the prime factors of 784571763?
3, 1289, 202889
What are the prime factors of 3702552171?
3, 79, 179, 87277
What are the prime factors of 620194715?
5, 7, 977, 2591
What are the prime factors of 120978310?
2, 5, 83, 145757
What are the prime factors of 266818722?
2, 3, 23, 1933469
What are the prime factors of 234579445?
5, 37, 109, 11633
What are the prime factors of 66482154?
2, 3, 743, 1657
What are the prime factors of 1303187267?
53, 24588439
List the prime factors of 53762614.
2, 26881307
What are the prime factors of 204440767?
23, 181, 49109
What are the prime factors of 982993532?
2, 41, 47, 127529
What are the prime factors of 14811589?
13, 1139353
List the prime factors of 820945067.
8861, 92647
List the prime factors of 254208440.
2, 5, 277, 22943
List the prime factors of 1265091613.
41, 113, 273061
List the prime factors of 234082236.
2, 3, 311, 62723
What are the prime factors of 93894867?
3, 11, 397, 2389
What are the prime factors of 91265560?
2, 5, 367, 6217
List the prime factors of 7970045.
5, 439, 3631
List the prime factors of 74298449.
17, 4370497
List the prime factors of 469082488.
2, 7, 19, 62981
List the prime factors of 2045964195.
3, 5, 11, 17, 23, 31
What are the prime factors of 18579160?
2, 5, 464479
What are the prime factors of 45165561?
3, 7, 2150741
List the prime factors of 25943991.
3, 8647997
List the prime factors of 1130729.
97, 11657
List the prime factors of 3575304324.
2, 3, 29, 3424621
List the prime factors of 1285734345.
3, 5, 7, 12245089
List the prime factors of 7190